{"id":73,"date":"2016-01-04T16:25:14","date_gmt":"2016-01-04T16:25:14","guid":{"rendered":"http:\/\/www.ogv-schussenried.de\/wordpress\/?page_id=73"},"modified":"2016-01-25T09:06:35","modified_gmt":"2016-01-25T09:06:35","slug":"der-garten-im-jahresverlauf","status":"publish","type":"page","link":"https:\/\/www.ogv-schussenried.de\/wordpress\/der-garten-im-jahresverlauf\/","title":{"rendered":"Der Garten im Jahresverlauf"},"content":{"rendered":"<p><b>Der Garten im Februar<\/b><\/p>\n<ul>\n<li>Im August oder September gesteckte <b>Winterzwiebeln<\/b> k\u00f6nnen bei starkem Bodenfrost an die Oberfl\u00e4che gelangen. Dr\u00fccken Sie die Zwiebeln bei offenem Boden wieder gut in die Erde.<\/li>\n<li><b>Schneegl\u00f6ckchen<\/b> und <b>M\u00e4rzenbecher<\/b> k\u00f6nnen nach der Bl\u00fcte geteilt und vermehrt werden.<\/li>\n<li><b>R\u00fcbstiel<\/b> oder <b>Stielmus<\/b> wird aus den Blattstielen sehr dicht ges\u00e4ter Wei\u00dfer R\u00fcben zubereitet. S\u00e4en Sie dazu Mitte Februar Sorten wie &#8218;Wei\u00dfe Mair\u00fcbe&#8216;, &#8218;Stielmus&#8216; oder &#8218;Namenia&#8216; im Freiland unter Folie aus, dann k\u00f6nnen Sie im April die ersten Bl\u00e4tter ernten.<\/li>\n<li>Eine Packung aus Pferdemist erw\u00e4rmt den Boden im Fr\u00fchbeet und Kleingew\u00e4chshaus, sodass Sie Mitte des Monats die ersten <b>Salate<\/b> pflanzen k\u00f6nnen. Heben Sie die zu packende Fl\u00e4che 50 bis 60 cm tief aus und bringen Sie den gut verrotteten Mist 30 bis 40 cm hoch ein. Nach leichtem Festtreten wird mit warmem Wasser gut angegossen und mit frischem Boden aufgef\u00fcllt. Achtung: Eine Pflanzung darf erst f\u00fcnf Tage nach der Mistpackung erfolgen, weil die Mistpackung immer noch leicht nachsackt und eine pflanzensch\u00e4digende Ammoniakonzentration zu hoch sein kann.<\/li>\n<li>In einem frostfreien Gew\u00e4chshaus k\u00f6nnen jetzt wei\u00dfe oder rote <b>Rettiche<\/b> ges\u00e4t werden.<\/li>\n<li>Ab Mitte des Monats kann im Gew\u00e4chshaus, im Fr\u00fchbeetkasten oder im Folientunnel, aber auch auf der Fensterbank mit der <b>Jungpflanzenanzucht<\/b> f\u00fcr Gem\u00fcse begonnen werden.<\/li>\n<li>Der Winterschnitt bei <b>Obstb\u00e4umen<\/b> endet vor dem Blattaustrieb. Zu stark wachsende B\u00e4ume sollten erst Ende M\u00e4rz\/Anfang April geschnitten werden. Zur Wuchsberuhigung kann auch ein Sommerschnitt sinnvoll sein.<\/li>\n<\/ul>\n","protected":false},"excerpt":{"rendered":"<p>Der Garten im Februar Im August oder September gesteckte Winterzwiebeln k\u00f6nnen bei starkem Bodenfrost an die Oberfl\u00e4che gelangen. Dr\u00fccken Sie die Zwiebeln bei offenem Boden wieder gut in die Erde. <a href=\"https:\/\/www.ogv-schussenried.de\/wordpress\/der-garten-im-jahresverlauf\/\" class=\"more-link\">[&hellip;]<\/a><\/p>\n","protected":false},"author":1,"featured_media":0,"parent":0,"menu_order":0,"comment_status":"closed","ping_status":"closed","template":"","meta":{"Layout":"1c","footnotes":""},"class_list":["entry","author-oayqubqe","post-73","page","type-page","status-publish"],"_links":{"self":[{"href":"https:\/\/www.ogv-schussenried.de\/wordpress\/wp-json\/wp\/v2\/pages\/73","targetHints":{"allow":["GET"]}}],"collection":[{"href":"https:\/\/www.ogv-schussenried.de\/wordpress\/wp-json\/wp\/v2\/pages"}],"about":[{"href":"https:\/\/www.ogv-schussenried.de\/wordpress\/wp-json\/wp\/v2\/types\/page"}],"author":[{"embeddable":true,"href":"https:\/\/www.ogv-schussenried.de\/wordpress\/wp-json\/wp\/v2\/users\/1"}],"replies":[{"embeddable":true,"href":"https:\/\/www.ogv-schussenried.de\/wordpress\/wp-json\/wp\/v2\/comments?post=73"}],"version-history":[{"count":2,"href":"https:\/\/www.ogv-schussenried.de\/wordpress\/wp-json\/wp\/v2\/pages\/73\/revisions"}],"predecessor-version":[{"id":90,"href":"https:\/\/www.ogv-schussenried.de\/wordpress\/wp-json\/wp\/v2\/pages\/73\/revisions\/90"}],"wp:attachment":[{"href":"https:\/\/www.ogv-schussenried.de\/wordpress\/wp-json\/wp\/v2\/media?parent=73"}],"curies":[{"name":"wp","href":"https:\/\/api.w.org\/{rel}","templated":true}]}}

<p><b>Der Garten im Februar</b></p>
<ul>
<li>Im August oder September gesteckte <b>Winterzwiebeln</b> können bei starkem Bodenfrost an die Oberfläche gelangen. Drücken Sie die Zwiebeln bei offenem Boden wieder gut in die Erde.</li>
<li><b>Schneeglöckchen</b> und <b>Märzenbecher</b> können nach der Blüte geteilt und vermehrt werden.</li>
<li><b>Rübstiel</b> oder <b>Stielmus</b> wird aus den Blattstielen sehr dicht gesäter Weißer Rüben zubereitet. Säen Sie dazu Mitte Februar Sorten wie &#8218;Weiße Mairübe&#8216;, &#8218;Stielmus&#8216; oder &#8218;Namenia&#8216; im Freiland unter Folie aus, dann können Sie im April die ersten Blätter ernten.</li>
<li>Eine Packung aus Pferdemist erwärmt den Boden im Frühbeet und Kleingewächshaus, sodass Sie Mitte des Monats die ersten <b>Salate</b> pflanzen können. Heben Sie die zu packende Fläche 50 bis 60 cm tief aus und bringen Sie den gut verrotteten Mist 30 bis 40 cm hoch ein. Nach leichtem Festtreten wird mit warmem Wasser gut angegossen und mit frischem Boden aufgefüllt. Achtung: Eine Pflanzung darf erst fünf Tage nach der Mistpackung erfolgen, weil die Mistpackung immer noch leicht nachsackt und eine pflanzenschädigende Ammoniakonzentration zu hoch sein kann.</li>
<li>In einem frostfreien Gewächshaus können jetzt weiße oder rote <b>Rettiche</b> gesät werden.</li>
<li>Ab Mitte des Monats kann im Gewächshaus, im Frühbeetkasten oder im Folientunnel, aber auch auf der Fensterbank mit der <b>Jungpflanzenanzucht</b> für Gemüse begonnen werden.</li>
<li>Der Winterschnitt bei <b>Obstbäumen</b> endet vor dem Blattaustrieb. Zu stark wachsende Bäume sollten erst Ende März/Anfang April geschnitten werden. Zur Wuchsberuhigung kann auch ein Sommerschnitt sinnvoll sein.</li>
</ul>

<p>Der Garten im Februar Im August oder September gesteckte Winterzwiebeln können bei starkem Bodenfrost an die Oberfläche gelangen. Drücken Sie die Zwiebeln bei offenem Boden wieder gut in die Erde. <a href="https://www.ogv-schussenried.de/wordpress/der-garten-im-jahresverlauf/" class="more-link">[&hellip;]</a></p>
